{"id":11022,"date":"2020-08-01T14:31:05","date_gmt":"2020-08-01T12:31:05","guid":{"rendered":"http:\/\/vozobrera.org\/periodico\/?page_id=11022"},"modified":"2026-05-04T22:46:04","modified_gmt":"2026-05-04T20:46:04","slug":"indice-de-revista-mensual","status":"publish","type":"page","link":"https:\/\/vozobrera.org\/periodico\/indice-de-revista-mensual\/","title":{"rendered":"Nuestras revistas mensuales"},"content":{"rendered":"\t\t<div data-elementor-type=\"wp-page\" data-elementor-id=\"11022\" class=\"elementor elementor-11022\">\n\t\t\t\t\t\t<div class=\"elementor-inner\">\n\t\t\t\t<div class=\"elementor-section-wrap\">\n\t\t\t\t\t\t\t\t\t<section class=\"elementor-section elementor-top-section elementor-element elementor-element-44b4e3e elementor-section-boxed elementor-section-height-default elementor-section-height-default\" data-id=\"44b4e3e\" data-element_type=\"section\">\n\t\t\t\t\t\t<div class=\"elementor-container elementor-column-gap-default\">\n\t\t\t\t\t\t\t<div class=\"elementor-row\">\n\t\t\t\t\t<div class=\"elementor-column elementor-col-50 elementor-top-column elementor-element elementor-element-5884788\" data-id=\"5884788\" data-element_type=\"column\">\n\t\t\t<div class=\"elementor-column-wrap elementor-element-populated\">\n\t\t\t\t\t\t\t<div class=\"elementor-widget-wrap\">\n\t\t\t\t\t\t<div class=\"elementor-element elementor-element-3c14684 elementor-widget elementor-widget-heading\" data-id=\"3c14684\" data-element_type=\"widget\" data-widget_type=\"heading.default\">\n\t\t\t\t<div class=\"elementor-widget-container\">\n\t\t\t<h3 class=\"elementor-heading-title elementor-size-default\">Publicados<\/h3>\t\t<\/div>\n\t\t\t\t<\/div>\n\t\t\t\t<section class=\"elementor-section elementor-inner-section elementor-element elementor-element-26eaa6a elementor-section-boxed elementor-section-height-default elementor-section-height-default\" data-id=\"26eaa6a\" data-element_type=\"section\">\n\t\t\t\t\t\t<div class=\"elementor-container elementor-column-gap-default\">\n\t\t\t\t\t\t\t<div class=\"elementor-row\">\n\t\t\t\t\t<div class=\"elementor-column elementor-col-25 elementor-inner-column elementor-element elementor-element-5b6cf67\" data-id=\"5b6cf67\" data-element_type=\"column\">\n\t\t\t<div class=\"elementor-column-wrap elementor-element-populated\">\n\t\t\t\t\t\t\t<div class=\"elementor-widget-wrap\">\n\t\t\t\t\t\t<div class=\"elementor-element elementor-element-f3fe411 elementor-widget elementor-widget-heading\" data-id=\"f3fe411\" data-element_type=\"widget\" data-widget_type=\"heading.default\">\n\t\t\t\t<div class=\"elementor-widget-container\">\n\t\t\t<h3 class=\"elementor-heading-title elementor-size-default\"><a href=\"https:\/\/vozobrera.org\/periodico\/revista-mensual-ano-2026\/\">2026<\/a><\/h3>\t\t<\/div>\n\t\t\t\t<\/div>\n\t\t\t\t<div class=\"elementor-element elementor-element-98ed509 elementor-widget elementor-widget-heading\" data-id=\"98ed509\" data-element_type=\"widget\" data-widget_type=\"heading.default\">\n\t\t\t\t<div class=\"elementor-widget-container\">\n\t\t\t<h3 class=\"elementor-heading-title elementor-size-default\"><a href=\"https:\/\/vozobrera.org\/periodico\/revista-mensual-ano-2025\/\">2025<\/a><\/h3>\t\t<\/div>\n\t\t\t\t<\/div>\n\t\t\t\t<div class=\"elementor-element elementor-element-8e4066f elementor-widget elementor-widget-heading\" data-id=\"8e4066f\" data-element_type=\"widget\" data-widget_type=\"heading.default\">\n\t\t\t\t<div class=\"elementor-widget-container\">\n\t\t\t<h3 class=\"elementor-heading-title elementor-size-default\"><a href=\"https:\/\/vozobrera.org\/periodico\/revista-mensual-ano-2024\/\">2024<\/a><\/h3>\t\t<\/div>\n\t\t\t\t<\/div>\n\t\t\t\t<div class=\"elementor-element elementor-element-dbd7347 elementor-widget elementor-widget-heading\" data-id=\"dbd7347\" data-element_type=\"widget\" data-widget_type=\"heading.default\">\n\t\t\t\t<div class=\"elementor-widget-container\">\n\t\t\t<h3 class=\"elementor-heading-title elementor-size-default\"><a href=\"https:\/\/vozobrera.org\/periodico\/revista-mensual-ano-2023\/\">2023<\/a><\/h3>\t\t<\/div>\n\t\t\t\t<\/div>\n\t\t\t\t\t\t<\/div>\n\t\t\t\t\t<\/div>\n\t\t<\/div>\n\t\t\t\t<div class=\"elementor-column elementor-col-25 elementor-inner-column elementor-element elementor-element-4d38109\" data-id=\"4d38109\" data-element_type=\"column\">\n\t\t\t<div class=\"elementor-column-wrap elementor-element-populated\">\n\t\t\t\t\t\t\t<div class=\"elementor-widget-wrap\">\n\t\t\t\t\t\t<div class=\"elementor-element elementor-element-8a7d744 elementor-widget elementor-widget-heading\" data-id=\"8a7d744\" data-element_type=\"widget\" data-widget_type=\"heading.default\">\n\t\t\t\t<div class=\"elementor-widget-container\">\n\t\t\t<h3 class=\"elementor-heading-title elementor-size-default\"><a href=\"https:\/\/vozobrera.org\/periodico\/revista-mensual-ano-2022\/\">2022<\/a><\/h3>\t\t<\/div>\n\t\t\t\t<\/div>\n\t\t\t\t<div class=\"elementor-element elementor-element-1d0dafa elementor-widget elementor-widget-heading\" data-id=\"1d0dafa\" data-element_type=\"widget\" data-widget_type=\"heading.default\">\n\t\t\t\t<div class=\"elementor-widget-container\">\n\t\t\t<h3 class=\"elementor-heading-title elementor-size-default\"><a href=\"https:\/\/vozobrera.org\/periodico\/revista-mensual-2021\/\">2021<\/a><\/h3>\t\t<\/div>\n\t\t\t\t<\/div>\n\t\t\t\t<div class=\"elementor-element elementor-element-4916c79 elementor-widget elementor-widget-heading\" data-id=\"4916c79\" data-element_type=\"widget\" data-widget_type=\"heading.default\">\n\t\t\t\t<div class=\"elementor-widget-container\">\n\t\t\t<h3 class=\"elementor-heading-title elementor-size-default\"><a href=\"https:\/\/vozobrera.org\/periodico\/revista-mensual\/\">2020<\/a><\/h3>\t\t<\/div>\n\t\t\t\t<\/div>\n\t\t\t\t<div class=\"elementor-element elementor-element-a9a0d29 elementor-widget elementor-widget-heading\" data-id=\"a9a0d29\" data-element_type=\"widget\" data-widget_type=\"heading.default\">\n\t\t\t\t<div class=\"elementor-widget-container\">\n\t\t\t<h3 class=\"elementor-heading-title elementor-size-default\"><a href=\"https:\/\/vozobrera.org\/periodico\/revista-mensual-ano-2019\/\">2019<\/a><\/h3>\t\t<\/div>\n\t\t\t\t<\/div>\n\t\t\t\t\t\t<\/div>\n\t\t\t\t\t<\/div>\n\t\t<\/div>\n\t\t\t\t<div class=\"elementor-column elementor-col-25 elementor-inner-column elementor-element elementor-element-27d3085\" data-id=\"27d3085\" data-element_type=\"column\">\n\t\t\t<div class=\"elementor-column-wrap elementor-element-populated\">\n\t\t\t\t\t\t\t<div class=\"elementor-widget-wrap\">\n\t\t\t\t\t\t<div class=\"elementor-element elementor-element-122e237 elementor-widget elementor-widget-heading\" data-id=\"122e237\" data-element_type=\"widget\" data-widget_type=\"heading.default\">\n\t\t\t\t<div class=\"elementor-widget-container\">\n\t\t\t<h3 class=\"elementor-heading-title elementor-size-default\"><a href=\"https:\/\/vozobrera.org\/periodico\/revista-mensual-ano-2018\/\">2018<\/a><\/h3>\t\t<\/div>\n\t\t\t\t<\/div>\n\t\t\t\t<div class=\"elementor-element elementor-element-f6057d2 elementor-widget elementor-widget-heading\" data-id=\"f6057d2\" data-element_type=\"widget\" data-widget_type=\"heading.default\">\n\t\t\t\t<div class=\"elementor-widget-container\">\n\t\t\t<h3 class=\"elementor-heading-title elementor-size-default\"><a href=\"https:\/\/vozobrera.org\/periodico\/revista-mensual-ano-2017\/\">2017<\/a><\/h3>\t\t<\/div>\n\t\t\t\t<\/div>\n\t\t\t\t<div class=\"elementor-element elementor-element-7972b4d elementor-widget elementor-widget-heading\" data-id=\"7972b4d\" data-element_type=\"widget\" data-widget_type=\"heading.default\">\n\t\t\t\t<div class=\"elementor-widget-container\">\n\t\t\t<h3 class=\"elementor-heading-title elementor-size-default\"><a href=\"https:\/\/vozobrera.org\/periodico\/revista-mensual-ano-2016\/\">2016<\/a><\/h3>\t\t<\/div>\n\t\t\t\t<\/div>\n\t\t\t\t<div class=\"elementor-element elementor-element-7c5fec7 elementor-widget elementor-widget-heading\" data-id=\"7c5fec7\" data-element_type=\"widget\" data-widget_type=\"heading.default\">\n\t\t\t\t<div class=\"elementor-widget-container\">\n\t\t\t<h3 class=\"elementor-heading-title elementor-size-default\"><a href=\"https:\/\/vozobrera.org\/periodico\/revista-mensual-ano-2015\/\">2015<\/a><\/h3>\t\t<\/div>\n\t\t\t\t<\/div>\n\t\t\t\t\t\t<\/div>\n\t\t\t\t\t<\/div>\n\t\t<\/div>\n\t\t\t\t<div class=\"elementor-column elementor-col-25 elementor-inner-column elementor-element elementor-element-cf5add6\" data-id=\"cf5add6\" data-element_type=\"column\">\n\t\t\t<div class=\"elementor-column-wrap elementor-element-populated\">\n\t\t\t\t\t\t\t<div class=\"elementor-widget-wrap\">\n\t\t\t\t\t\t<div class=\"elementor-element elementor-element-437970a elementor-widget elementor-widget-heading\" data-id=\"437970a\" data-element_type=\"widget\" data-widget_type=\"heading.default\">\n\t\t\t\t<div class=\"elementor-widget-container\">\n\t\t\t<h3 class=\"elementor-heading-title elementor-size-default\"><a href=\"https:\/\/vozobrera.org\/periodico\/revista-mensual-ano-2014\/\">2014<\/a><\/h3>\t\t<\/div>\n\t\t\t\t<\/div>\n\t\t\t\t<div class=\"elementor-element elementor-element-9933b35 elementor-widget elementor-widget-heading\" data-id=\"9933b35\" data-element_type=\"widget\" data-widget_type=\"heading.default\">\n\t\t\t\t<div class=\"elementor-widget-container\">\n\t\t\t<h3 class=\"elementor-heading-title elementor-size-default\"><a href=\"https:\/\/vozobrera.org\/periodico\/revista-mensual-ano-2013\/\">2013<\/a><\/h3>\t\t<\/div>\n\t\t\t\t<\/div>\n\t\t\t\t<div class=\"elementor-element elementor-element-fbf55a4 elementor-widget elementor-widget-heading\" data-id=\"fbf55a4\" data-element_type=\"widget\" data-widget_type=\"heading.default\">\n\t\t\t\t<div class=\"elementor-widget-container\">\n\t\t\t<h3 class=\"elementor-heading-title elementor-size-default\">2012<\/h3>\t\t<\/div>\n\t\t\t\t<\/div>\n\t\t\t\t<div class=\"elementor-element elementor-element-6de6dcd elementor-widget elementor-widget-heading\" data-id=\"6de6dcd\" data-element_type=\"widget\" data-widget_type=\"heading.default\">\n\t\t\t\t<div class=\"elementor-widget-container\">\n\t\t\t<h3 class=\"elementor-heading-title elementor-size-default\"><a href=\"https:\/\/vozobrera.org\/periodico\/mensual-junio-2011\/\">2011<\/a><\/h3>\t\t<\/div>\n\t\t\t\t<\/div>\n\t\t\t\t\t\t<\/div>\n\t\t\t\t\t<\/div>\n\t\t<\/div>\n\t\t\t\t\t\t\t\t<\/div>\n\t\t\t\t\t<\/div>\n\t\t<\/section>\n\t\t\t\t\t\t<\/div>\n\t\t\t\t\t<\/div>\n\t\t<\/div>\n\t\t\t\t<div class=\"elementor-column elementor-col-50 elementor-top-column elementor-element elementor-element-a2db2ce\" data-id=\"a2db2ce\" data-element_type=\"column\">\n\t\t\t<div class=\"elementor-column-wrap elementor-element-populated\">\n\t\t\t\t\t\t\t<div class=\"elementor-widget-wrap\">\n\t\t\t\t\t\t<div class=\"elementor-element elementor-element-7b76856 elementor-widget elementor-widget-heading\" data-id=\"7b76856\" data-element_type=\"widget\" data-widget_type=\"heading.default\">\n\t\t\t\t<div class=\"elementor-widget-container\">\n\t\t\t<h3 class=\"elementor-heading-title elementor-size-default\">Nuestros editoriales m\u00e1s recientes...<\/h3>\t\t<\/div>\n\t\t\t\t<\/div>\n\t\t\t\t<div class=\"elementor-element elementor-element-bc691b9 elementor-widget elementor-widget-shortcode\" data-id=\"bc691b9\" data-element_type=\"widget\" data-widget_type=\"shortcode.default\">\n\t\t\t\t<div class=\"elementor-widget-container\">\n\t\t\t\t\t<div class=\"elementor-shortcode\"><p style=\"font-size:14px; font-weight: bold; line-height: 1;\">Pedro S\u00e1nchez, la demagogia del \u00abno a la guerra\u00bb<\/p><a href=\"https:\/\/vozobrera.org\/periodico\/pedro-sanchez-la-demagogia-del-no-a-la-guerra\/\"><\/a><p style=\"text-indent:2em;text-align:justify;font-family:arial;line-height:1;font-size:14px;\">Desde que comenz\u00f3 la guerra imperialista contra Ir\u00e1n de EUU e Israel, Pedro S\u00e1nchez se ha presentado p\u00fablicamente como el adalid pacifista en contra de la guerra. La consigna \u201cNo a la Guerra\u201d se hizo popular durante la invasi\u00f3n estadounidens<a href=\"https:\/\/vozobrera.org\/periodico\/pedro-sanchez-la-demagogia-del-no-a-la-guerra\/\"> Seguir leyendo...<\/a><\/p><hr><\/hr><p style=\"font-size:14px; font-weight: bold; line-height: 1;\">1\u00ba Mayo, d\u00eda internacional del trabajador, d\u00eda de lucha<\/p><a href=\"https:\/\/vozobrera.org\/periodico\/1o-mayo-dia-internacional-del-trabajador-dia-de-lucha\/\"><\/a><p style=\"text-indent:2em;text-align:justify;font-family:arial;line-height:1;font-size:14px;\">El 1 de Mayo es el d\u00eda internacional de la clase trabajadora. Su origen data de 1886, cu\u00e1ndo la burgues\u00eda asesin\u00f3 a ocho sindicalistas en Haymarket, conocidos como los m\u00e1rtires de Chicago, por defender las ocho horas de trabajo. Desde entonces e<a href=\"https:\/\/vozobrera.org\/periodico\/1o-mayo-dia-internacional-del-trabajador-dia-de-lucha\/\"> Seguir leyendo...<\/a><\/p><hr><\/hr><p style=\"font-size:14px; font-weight: bold; line-height: 1;\">Contra las listas negras en el metal en C\u00e1diz. \u00a1Derecho al trabajo!<\/p><a href=\"https:\/\/vozobrera.org\/periodico\/contra-las-listas-negras-en-el-metal-en-cadiz-derecho-al-trabajo\/\"><\/a><p style=\"text-indent:2em;text-align:justify;font-family:arial;line-height:1;font-size:14px;\">C\u00e1diz, 23 de abril 2026 Jes\u00fas y Manuel son dos trabajadores del metal, de C\u00e1diz, y desde hace 15 d\u00edas est\u00e1n subidos en una gr\u00faa en Navantia, San Fernando, a 25 metros de altura, para exigir un puesto de trabajo en la industria del metal en la B<a href=\"https:\/\/vozobrera.org\/periodico\/contra-las-listas-negras-en-el-metal-en-cadiz-derecho-al-trabajo\/\"> Seguir leyendo...<\/a><\/p><hr><\/hr><\/div>\n\t\t\t\t<\/div>\n\t\t\t\t<\/div>\n\t\t\t\t<div class=\"elementor-element elementor-element-b07f6e1 elementor-widget elementor-widget-heading\" data-id=\"b07f6e1\" data-element_type=\"widget\" data-widget_type=\"heading.default\">\n\t\t\t\t<div class=\"elementor-widget-container\">\n\t\t\t<h3 class=\"elementor-heading-title elementor-size-default\"><a href=\"https:\/\/vozobrera.org\/periodico\/categoria\/editoriales\/\">Ver todos los editoriales<\/a><\/h3>\t\t<\/div>\n\t\t\t\t<\/div>\n\t\t\t\t\t\t<\/div>\n\t\t\t\t\t<\/div>\n\t\t<\/div>\n\t\t\t\t\t\t\t\t<\/div>\n\t\t\t\t\t<\/div>\n\t\t<\/section>\n\t\t\t\t\t\t\t\t\t<\/div>\n\t\t\t<\/div>\n\t\t\t\t\t<\/div>\n\t\t","protected":false},"excerpt":{"rendered":"<p>Publicados 2026 2025 2024 2023 2022 2021 2020 2019 2018 2017 2016 2015 2014 2013 2012 2011 Nuestros editoriales m\u00e1s recientes&#8230; Ver todos los editoriales<\/p>\n","protected":false},"author":5,"featured_media":0,"parent":0,"menu_order":0,"comment_status":"closed","ping_status":"closed","template":"","meta":{"neve_meta_sidebar":"full-width","neve_meta_container":"","neve_meta_enable_content_width":"on","neve_meta_content_width":100,"neve_meta_title_alignment":"","neve_meta_author_avatar":"","neve_post_elements_order":"","neve_meta_disable_header":"","neve_meta_disable_footer":"","neve_meta_disable_title":"","footnotes":""},"class_list":["post-11022","page","type-page","status-publish","hentry"],"_links":{"self":[{"href":"https:\/\/vozobrera.org\/periodico\/wp-json\/wp\/v2\/pages\/11022","targetHints":{"allow":["GET"]}}],"collection":[{"href":"https:\/\/vozobrera.org\/periodico\/wp-json\/wp\/v2\/pages"}],"about":[{"href":"https:\/\/vozobrera.org\/periodico\/wp-json\/wp\/v2\/types\/page"}],"author":[{"embeddable":true,"href":"https:\/\/vozobrera.org\/periodico\/wp-json\/wp\/v2\/users\/5"}],"replies":[{"embeddable":true,"href":"https:\/\/vozobrera.org\/periodico\/wp-json\/wp\/v2\/comments?post=11022"}],"version-history":[{"count":139,"href":"https:\/\/vozobrera.org\/periodico\/wp-json\/wp\/v2\/pages\/11022\/revisions"}],"predecessor-version":[{"id":17353,"href":"https:\/\/vozobrera.org\/periodico\/wp-json\/wp\/v2\/pages\/11022\/revisions\/17353"}],"wp:attachment":[{"href":"https:\/\/vozobrera.org\/periodico\/wp-json\/wp\/v2\/media?parent=11022"}],"curies":[{"name":"wp","href":"https:\/\/api.w.org\/{rel}","templated":true}]}}