{"id":10811,"date":"2020-07-28T14:15:44","date_gmt":"2020-07-28T12:15:44","guid":{"rendered":"http:\/\/vozobrera.org\/periodico\/?page_id=10811"},"modified":"2026-03-05T12:21:16","modified_gmt":"2026-03-05T10:21:16","slug":"pagina-de-entrada","status":"publish","type":"page","link":"https:\/\/vozobrera.org\/periodico\/","title":{"rendered":"P\u00e1gina de entrada"},"content":{"rendered":"\t\t<div data-elementor-type=\"wp-page\" data-elementor-id=\"10811\" class=\"elementor elementor-10811\">\n\t\t\t\t\t\t<div class=\"elementor-inner\">\n\t\t\t\t<div class=\"elementor-section-wrap\">\n\t\t\t\t\t\t\t\t\t<section class=\"elementor-section elementor-top-section elementor-element elementor-element-6a81834 elementor-section-boxed elementor-section-height-default elementor-section-height-default\" data-id=\"6a81834\" data-element_type=\"section\">\n\t\t\t\t\t\t<div class=\"elementor-container elementor-column-gap-default\">\n\t\t\t\t\t\t\t<div class=\"elementor-row\">\n\t\t\t\t\t<div class=\"elementor-column elementor-col-50 elementor-top-column elementor-element elementor-element-1bf73de\" data-id=\"1bf73de\" data-element_type=\"column\">\n\t\t\t<div class=\"elementor-column-wrap elementor-element-populated\">\n\t\t\t\t\t\t\t<div class=\"elementor-widget-wrap\">\n\t\t\t\t\t\t<div class=\"elementor-element elementor-element-fcf2143 elementor-widget elementor-widget-wp-widget-search\" data-id=\"fcf2143\" data-element_type=\"widget\" data-widget_type=\"wp-widget-search.default\">\n\t\t\t\t<div class=\"elementor-widget-container\">\n\t\t\t\n<form role=\"search\"\n\tmethod=\"get\"\n\tclass=\"search-form\"\n\taction=\"https:\/\/vozobrera.org\/periodico\/\">\n\t<label>\n\t\t<span class=\"screen-reader-text\">Buscar...<\/span>\n\t<\/label>\n\t<input type=\"search\"\n\t\tclass=\"search-field\"\n\t\taria-label=\"Buscar\"\n\t\tplaceholder=\"Buscar...\"\n\t\tvalue=\"\"\n\t\tname=\"s\"\/>\n\t<button type=\"submit\"\n\t\t\tclass=\"search-submit nv-submit\"\n\t\t\taria-label=\"Buscar\">\n\t\t\t\t\t<span class=\"nv-search-icon-wrap\">\n\t\t\t\t<span class=\"nv-icon nv-search\" >\n\t\t\t\t<svg width=\"15\" height=\"15\" viewBox=\"0 0 1792 1792\" xmlns=\"http:\/\/www.w3.org\/2000\/svg\"><path d=\"M1216 832q0-185-131.5-316.5t-316.5-131.5-316.5 131.5-131.5 316.5 131.5 316.5 316.5 131.5 316.5-131.5 131.5-316.5zm512 832q0 52-38 90t-90 38q-54 0-90-38l-343-342q-179 124-399 124-143 0-273.5-55.5t-225-150-150-225-55.5-273.5 55.5-273.5 150-225 225-150 273.5-55.5 273.5 55.5 225 150 150 225 55.5 273.5q0 220-124 399l343 343q37 37 37 90z\" \/><\/svg>\n\t\t\t<\/span>\t\t\t<\/span>\n\t\t\t<\/button>\n\t<\/form>\n\t\t<\/div>\n\t\t\t\t<\/div>\n\t\t\t\t<section class=\"elementor-section elementor-inner-section elementor-element elementor-element-799462f elementor-section-boxed elementor-section-height-default elementor-section-height-default\" data-id=\"799462f\" data-element_type=\"section\">\n\t\t\t\t\t\t<div class=\"elementor-container elementor-column-gap-default\">\n\t\t\t\t\t\t\t<div class=\"elementor-row\">\n\t\t\t\t\t<div class=\"elementor-column elementor-col-100 elementor-inner-column elementor-element elementor-element-2cf59ea\" data-id=\"2cf59ea\" data-element_type=\"column\">\n\t\t\t<div class=\"elementor-column-wrap elementor-element-populated\">\n\t\t\t\t\t\t\t<div class=\"elementor-widget-wrap\">\n\t\t\t\t\t\t<div class=\"elementor-element elementor-element-d01fe80 elementor-widget elementor-widget-heading\" data-id=\"d01fe80\" data-element_type=\"widget\" data-widget_type=\"heading.default\">\n\t\t\t\t<div class=\"elementor-widget-container\">\n\t\t\t<h4 class=\"elementor-heading-title elementor-size-default\">Editoriales recientes<\/h4>\t\t<\/div>\n\t\t\t\t<\/div>\n\t\t\t\t\t\t<\/div>\n\t\t\t\t\t<\/div>\n\t\t<\/div>\n\t\t\t\t\t\t\t\t<\/div>\n\t\t\t\t\t<\/div>\n\t\t<\/section>\n\t\t\t\t<section class=\"elementor-section elementor-inner-section elementor-element elementor-element-7083b9c elementor-section-boxed elementor-section-height-default elementor-section-height-default\" data-id=\"7083b9c\" data-element_type=\"section\">\n\t\t\t\t\t\t<div class=\"elementor-container elementor-column-gap-default\">\n\t\t\t\t\t\t\t<div class=\"elementor-row\">\n\t\t\t\t\t<div class=\"elementor-column elementor-col-100 elementor-inner-column elementor-element elementor-element-0d6b694\" data-id=\"0d6b694\" data-element_type=\"column\">\n\t\t\t<div class=\"elementor-column-wrap elementor-element-populated\">\n\t\t\t\t\t\t\t<div class=\"elementor-widget-wrap\">\n\t\t\t\t\t\t<div class=\"elementor-element elementor-element-5b7a287 elementor-widget elementor-widget-shortcode\" data-id=\"5b7a287\" data-element_type=\"widget\" data-widget_type=\"shortcode.default\">\n\t\t\t\t<div class=\"elementor-widget-container\">\n\t\t\t\t\t<div class=\"elementor-shortcode\"><p style=\"font-size:20px; font-weight: bold; line-height: 1;\">EL ICE ESPA\u00d1OL APARECE EN ESCENA<\/p><a href=\"https:\/\/vozobrera.org\/periodico\/el-ice-espanol-aparece-en-escena\/\"><\/a><p style=\"text-indent:2em;text-align:justify;font-family:arial;line-height:1;font-size:14px;\">Pronto la polic\u00eda nacional copia los m\u00e9todos del ICE trumpista. Las im\u00e1genes de la detenci\u00f3n de un hombre negro boca abajo en la acera aprisionado rodilla en espalda se han viralizado en las redes. El suceso ocurri\u00f3 en el barrio madrile\u00f1o de Vi<a href=\"https:\/\/vozobrera.org\/periodico\/el-ice-espanol-aparece-en-escena\/\"> Seguir leyendo...<\/a><\/p><hr><\/hr><p style=\"font-size:20px; font-weight: bold; line-height: 1;\">Las guerras en el capitalismo son un ataque contra toda la clase trabajadora<\/p><a href=\"https:\/\/vozobrera.org\/periodico\/las-guerras-en-el-capitalismo-son-un-ataque-contra-toda-la-clase-trabajadora\/\"><\/a><p style=\"text-indent:2em;text-align:justify;font-family:arial;line-height:1;font-size:14px;\">La guerra imperialista de EEUU e Israel contra Ir\u00e1n y el L\u00edbano, no es una guerra por la democracia o por los derechos de las mujeres como quieren hacernos creer. Es una guerra para controlar una zona que es rica en petr\u00f3leo. Las guerras, todas el<a href=\"https:\/\/vozobrera.org\/periodico\/las-guerras-en-el-capitalismo-son-un-ataque-contra-toda-la-clase-trabajadora\/\"> Seguir leyendo...<\/a><\/p><hr><\/hr>\n<div class=\"su-button-center\"><a href=\"https:\/\/vozobrera.org\/periodico\/categoria\/editoriales\/\" class=\"su-button su-button-style-3d\" style=\"color:#FFFFFF;background-color:#FF0000;border-color:#cc0000;border-radius:5px\" target=\"_blank\" rel=\"noopener noreferrer\"><span style=\"color:#FFFFFF;padding:0px 16px;font-size:13px;line-height:26px;border-color:#ff4d4d;border-radius:5px;text-shadow:none\"> Ver todos los editoriales<\/span><\/a><\/div>\n<div class=\"su-divider su-divider-style-default\" style=\"margin:16px 0;border-width:1px;border-color:#F73F43\"><\/div><\/div>\n\t\t\t\t<\/div>\n\t\t\t\t<\/div>\n\t\t\t\t\t\t<\/div>\n\t\t\t\t\t<\/div>\n\t\t<\/div>\n\t\t\t\t\t\t\t\t<\/div>\n\t\t\t\t\t<\/div>\n\t\t<\/section>\n\t\t\t\t<section class=\"elementor-section elementor-inner-section elementor-element elementor-element-ba5ffd6 elementor-section-boxed elementor-section-height-default elementor-section-height-default\" data-id=\"ba5ffd6\" data-element_type=\"section\">\n\t\t\t\t\t\t<div class=\"elementor-container elementor-column-gap-default\">\n\t\t\t\t\t\t\t<div class=\"elementor-row\">\n\t\t\t\t\t<div class=\"elementor-column elementor-col-50 elementor-inner-column elementor-element elementor-element-7b5338b\" data-id=\"7b5338b\" data-element_type=\"column\">\n\t\t\t<div class=\"elementor-column-wrap elementor-element-populated\">\n\t\t\t\t\t\t\t<div class=\"elementor-widget-wrap\">\n\t\t\t\t\t\t<div class=\"elementor-element elementor-element-3f5446d elementor-hidden-phone elementor-widget elementor-widget-heading\" data-id=\"3f5446d\" data-element_type=\"widget\" data-widget_type=\"heading.default\">\n\t\t\t\t<div class=\"elementor-widget-container\">\n\t\t\t<h3 class=\"elementor-heading-title elementor-size-default\">Lucha de Clase N\u00ba13<\/h3>\t\t<\/div>\n\t\t\t\t<\/div>\n\t\t\t\t<div class=\"elementor-element elementor-element-610d1cc elementor-hidden-phone elementor-widget elementor-widget-heading\" data-id=\"610d1cc\" data-element_type=\"widget\" data-widget_type=\"heading.default\">\n\t\t\t\t<div class=\"elementor-widget-container\">\n\t\t\t<h6 class=\"elementor-heading-title elementor-size-default\">El rearme: beneficios para las multinacionales<\/h6>\t\t<\/div>\n\t\t\t\t<\/div>\n\t\t\t\t<div class=\"elementor-element elementor-element-39b7564 elementor-widget elementor-widget-image\" data-id=\"39b7564\" data-element_type=\"widget\" data-widget_type=\"image.default\">\n\t\t\t\t<div class=\"elementor-widget-container\">\n\t\t\t\t\t\t\t\t<div class=\"elementor-image\">\n\t\t\t\t\t\t\t\t\t\t\t\t\t<a href=\"https:\/\/vozobrera.org\/periodico\/wp-content\/uploads\/2025\/06\/Lucha-de-Clase-Junio-2025.pdf\" target=\"_blank\">\n\t\t\t\t\t\t\t<img loading=\"lazy\" decoding=\"async\" width=\"213\" height=\"300\" src=\"https:\/\/vozobrera.org\/periodico\/wp-content\/uploads\/2025\/06\/Portada-Lucha-de-Clase-Junio-2025-213x300.png\" class=\"attachment-medium size-medium wp-image-16904\" alt=\"\" srcset=\"https:\/\/vozobrera.org\/periodico\/wp-content\/uploads\/2025\/06\/Portada-Lucha-de-Clase-Junio-2025-213x300.png 213w, https:\/\/vozobrera.org\/periodico\/wp-content\/uploads\/2025\/06\/Portada-Lucha-de-Clase-Junio-2025.png 637w\" sizes=\"auto, (max-width: 213px) 100vw, 213px\" \/>\t\t\t\t\t\t\t\t<\/a>\n\t\t\t\t\t\t\t\t\t\t\t\t\t\t<\/div>\n\t\t\t\t\t\t<\/div>\n\t\t\t\t<\/div>\n\t\t\t\t<div class=\"elementor-element elementor-element-702ff9c elementor-widget elementor-widget-heading\" data-id=\"702ff9c\" data-element_type=\"widget\" data-widget_type=\"heading.default\">\n\t\t\t\t<div class=\"elementor-widget-container\">\n\t\t\t<h4 class=\"elementor-heading-title elementor-size-small\"><a href=\"https:\/\/vozobrera.org\/periodico\/indice-de-publicaciones\/\">Anteriores...<\/a><\/h4>\t\t<\/div>\n\t\t\t\t<\/div>\n\t\t\t\t\t\t<\/div>\n\t\t\t\t\t<\/div>\n\t\t<\/div>\n\t\t\t\t<div class=\"elementor-column elementor-col-50 elementor-inner-column elementor-element elementor-element-8824bb8\" data-id=\"8824bb8\" data-element_type=\"column\">\n\t\t\t<div class=\"elementor-column-wrap elementor-element-populated\">\n\t\t\t\t\t\t\t<div class=\"elementor-widget-wrap\">\n\t\t\t\t\t\t<div class=\"elementor-element elementor-element-02215a3 elementor-hidden-phone elementor-widget elementor-widget-heading\" data-id=\"02215a3\" data-element_type=\"widget\" data-widget_type=\"heading.default\">\n\t\t\t\t<div class=\"elementor-widget-container\">\n\t\t\t<h5 class=\"elementor-heading-title elementor-size-default\">Revista mensual N\u00ba 125<\/h5>\t\t<\/div>\n\t\t\t\t<\/div>\n\t\t\t\t<div class=\"elementor-element elementor-element-50a055b elementor-hidden-phone elementor-widget elementor-widget-heading\" data-id=\"50a055b\" data-element_type=\"widget\" data-widget_type=\"heading.default\">\n\t\t\t\t<div class=\"elementor-widget-container\">\n\t\t\t<h6 class=\"elementor-heading-title elementor-size-default\">Eeuu e Israel atacan Ir\u00e1n \u00a1No a la agresi\u00f3n imperialista!<\/h6>\t\t<\/div>\n\t\t\t\t<\/div>\n\t\t\t\t<div class=\"elementor-element elementor-element-bec42d5 elementor-widget elementor-widget-image\" data-id=\"bec42d5\" data-element_type=\"widget\" data-widget_type=\"image.default\">\n\t\t\t\t<div class=\"elementor-widget-container\">\n\t\t\t\t\t\t\t\t<div class=\"elementor-image\">\n\t\t\t\t\t\t\t\t\t\t\t\t\t<a href=\"https:\/\/vozobrera.org\/periodico\/wp-content\/uploads\/2026\/03\/Portada_marzo_2026.jpg\" target=\"_blank\">\n\t\t\t\t\t\t\t<img loading=\"lazy\" decoding=\"async\" width=\"212\" height=\"300\" src=\"https:\/\/vozobrera.org\/periodico\/wp-content\/uploads\/2026\/03\/Portada_marzo_2026.jpg\" class=\"attachment-medium size-medium wp-image-17232\" alt=\"\" \/>\t\t\t\t\t\t\t\t<\/a>\n\t\t\t\t\t\t\t\t\t\t\t\t\t\t<\/div>\n\t\t\t\t\t\t<\/div>\n\t\t\t\t<\/div>\n\t\t\t\t<div class=\"elementor-element elementor-element-55d7585 elementor-widget elementor-widget-heading\" data-id=\"55d7585\" data-element_type=\"widget\" data-widget_type=\"heading.default\">\n\t\t\t\t<div class=\"elementor-widget-container\">\n\t\t\t<h4 class=\"elementor-heading-title elementor-size-small\"><a href=\"https:\/\/vozobrera.org\/periodico\/indice-de-revista-mensual\/\">Anteriores...<\/a><\/h4>\t\t<\/div>\n\t\t\t\t<\/div>\n\t\t\t\t\t\t<\/div>\n\t\t\t\t\t<\/div>\n\t\t<\/div>\n\t\t\t\t\t\t\t\t<\/div>\n\t\t\t\t\t<\/div>\n\t\t<\/section>\n\t\t\t\t<div class=\"elementor-element elementor-element-7b5788c elementor-widget-divider--view-line elementor-widget elementor-widget-divider\" data-id=\"7b5788c\" data-element_type=\"widget\" data-widget_type=\"divider.default\">\n\t\t\t\t<div class=\"elementor-widget-container\">\n\t\t\t\t\t<div class=\"elementor-divider\">\n\t\t\t<span class=\"elementor-divider-separator\">\n\t\t\t\t\t\t<\/span>\n\t\t<\/div>\n\t\t\t\t<\/div>\n\t\t\t\t<\/div>\n\t\t\t\t\t\t<\/div>\n\t\t\t\t\t<\/div>\n\t\t<\/div>\n\t\t\t\t<div class=\"elementor-column elementor-col-50 elementor-top-column elementor-element elementor-element-176015c\" data-id=\"176015c\" data-element_type=\"column\">\n\t\t\t<div class=\"elementor-column-wrap elementor-element-populated\">\n\t\t\t\t\t\t\t<div class=\"elementor-widget-wrap\">\n\t\t\t\t\t\t<section class=\"elementor-section elementor-inner-section elementor-element elementor-element-049687d elementor-section-boxed elementor-section-height-default elementor-section-height-default\" data-id=\"049687d\" data-element_type=\"section\">\n\t\t\t\t\t\t<div class=\"elementor-container elementor-column-gap-default\">\n\t\t\t\t\t\t\t<div class=\"elementor-row\">\n\t\t\t\t\t<div class=\"elementor-column elementor-col-100 elementor-inner-column elementor-element elementor-element-7758037\" data-id=\"7758037\" data-element_type=\"column\">\n\t\t\t<div class=\"elementor-column-wrap elementor-element-populated\">\n\t\t\t\t\t\t\t<div class=\"elementor-widget-wrap\">\n\t\t\t\t\t\t<div class=\"elementor-element elementor-element-498b441 elementor-widget elementor-widget-heading\" data-id=\"498b441\" data-element_type=\"widget\" data-widget_type=\"heading.default\">\n\t\t\t\t<div class=\"elementor-widget-container\">\n\t\t\t<h4 class=\"elementor-heading-title elementor-size-default\">Lo m\u00e1s reciente en Instagram\/Telegram<\/h4>\t\t<\/div>\n\t\t\t\t<\/div>\n\t\t\t\t\t\t<\/div>\n\t\t\t\t\t<\/div>\n\t\t<\/div>\n\t\t\t\t\t\t\t\t<\/div>\n\t\t\t\t\t<\/div>\n\t\t<\/section>\n\t\t\t\t<section class=\"elementor-section elementor-inner-section elementor-element elementor-element-b4840ee elementor-section-boxed elementor-section-height-default elementor-section-height-default\" data-id=\"b4840ee\" data-element_type=\"section\">\n\t\t\t\t\t\t<div class=\"elementor-container elementor-column-gap-default\">\n\t\t\t\t\t\t\t<div class=\"elementor-row\">\n\t\t\t\t\t<div class=\"elementor-column elementor-col-100 elementor-inner-column elementor-element elementor-element-f87e23c\" data-id=\"f87e23c\" data-element_type=\"column\">\n\t\t\t<div class=\"elementor-column-wrap elementor-element-populated\">\n\t\t\t\t\t\t\t<div class=\"elementor-widget-wrap\">\n\t\t\t\t\t\t<div class=\"elementor-element elementor-element-632b8a6 elementor-widget elementor-widget-shortcode\" data-id=\"632b8a6\" data-element_type=\"widget\" data-widget_type=\"shortcode.default\">\n\t\t\t\t<div class=\"elementor-widget-container\">\n\t\t\t\t\t<div class=\"elementor-shortcode\"><p style=\"font-size:16px; font-weight: bold; line-height: 1;\">CONCENTRACI\u00d3N DE L@S TRABAJADOR@S DEL SAD DE VALENCINA DE LA CONCEPCI\u00d3N<\/p><a href=\"https:\/\/vozobrera.org\/periodico\/concentracion-de-ls-trabajadors-del-sad-de-valencina-de-la-concepcion\/\"><\/a><p style=\"text-indent:2em;text-align:justify;font-family:arial;line-height:1;font-size:14px;\">Este jueves 20 de marzo a las 12:00 horas, las trabajadoras del Servicio de Atenci\u00f3n a Domicilio van a concentrarse en frente del Ayuntamiento para que se las escuche en su defensa por sus derechos y que se conozca su caso. El sector de la dependenc<a href=\"https:\/\/vozobrera.org\/periodico\/concentracion-de-ls-trabajadors-del-sad-de-valencina-de-la-concepcion\/\"> Seguir leyendo...<\/a><\/p><hr><\/hr><p style=\"font-size:16px; font-weight: bold; line-height: 1;\">ENTRE MAFIOSOS EST\u00c1 EL JUEGO: TRUMP Y ZELENSKI PELEAN P\u00daBLICAMENTE<\/p><a href=\"https:\/\/vozobrera.org\/periodico\/entre-mafiosos-esta-el-juego-trump-y-zelenski-pelean-publicamente\/\"><\/a><p style=\"text-indent:2em;text-align:justify;font-family:arial;line-height:1;font-size:14px;\">La visita oficial del presidente ucraniano a Estados Unidos termin\u00f3 en un esc\u00e1ndalo mundial tras retransmitirse en directo la fuerte discusi\u00f3n entre Trump y Zelenski. Era la primera vez que se ve\u00eda p\u00fablicamente la intimidaci\u00f3n, la agresi\u00f3n ver<a href=\"https:\/\/vozobrera.org\/periodico\/entre-mafiosos-esta-el-juego-trump-y-zelenski-pelean-publicamente\/\"> Seguir leyendo...<\/a><\/p><hr><\/hr><p style=\"font-size:16px; font-weight: bold; line-height: 1;\">EXPLOTACI\u00d3N LABORAL EN PROSEGUR<\/p><a href=\"https:\/\/vozobrera.org\/periodico\/explotacion-laboral-en-prosegur\/\"><\/a><p style=\"text-indent:2em;text-align:justify;font-family:arial;line-height:1;font-size:14px;\">Hace escasos d\u00edas la Inspecci\u00f3n de Trabajo sancion\u00f3 a la empresa de vigilancia Prosegur con 9.800 euros porque los vigilantes de seguridad llegan a estar de pie hasta 13 horas seguidas, no se permite el descanso estipulado de media hora por la ma\ufffd<a href=\"https:\/\/vozobrera.org\/periodico\/explotacion-laboral-en-prosegur\/\"> Seguir leyendo...<\/a><\/p><hr><\/hr><\/div>\n\t\t\t\t<\/div>\n\t\t\t\t<\/div>\n\t\t\t\t\t\t<\/div>\n\t\t\t\t\t<\/div>\n\t\t<\/div>\n\t\t\t\t\t\t\t\t<\/div>\n\t\t\t\t\t<\/div>\n\t\t<\/section>\n\t\t\t\t<div class=\"elementor-element elementor-element-5359be7 elementor-hidden-phone elementor-widget elementor-widget-heading\" data-id=\"5359be7\" data-element_type=\"widget\" data-widget_type=\"heading.default\">\n\t\t\t\t<div class=\"elementor-widget-container\">\n\t\t\t<h5 class=\"elementor-heading-title elementor-size-default\">La debilidad del Gobierno de coalici\u00f3n \"progresista\" es su gesti\u00f3n capitalista del Estado<\/h5>\t\t<\/div>\n\t\t\t\t<\/div>\n\t\t\t\t<section class=\"elementor-section elementor-inner-section elementor-element elementor-element-0d0ab76 elementor-section-boxed elementor-section-height-default elementor-section-height-default\" data-id=\"0d0ab76\" data-element_type=\"section\">\n\t\t\t\t\t\t<div class=\"elementor-container elementor-column-gap-default\">\n\t\t\t\t\t\t\t<div class=\"elementor-row\">\n\t\t\t\t\t<div class=\"elementor-column elementor-col-100 elementor-inner-column elementor-element elementor-element-aa7eb90\" data-id=\"aa7eb90\" data-element_type=\"column\">\n\t\t\t<div class=\"elementor-column-wrap elementor-element-populated\">\n\t\t\t\t\t\t\t<div class=\"elementor-widget-wrap\">\n\t\t\t\t\t\t<div class=\"elementor-element elementor-element-7ae74e0 elementor-align-justify elementor-widget elementor-widget-button\" data-id=\"7ae74e0\" data-element_type=\"widget\" data-widget_type=\"button.default\">\n\t\t\t\t<div class=\"elementor-widget-container\">\n\t\t\t\t\t<div class=\"elementor-button-wrapper\">\n\t\t\t<a href=\"https:\/\/vozobrera.org\/periodico\/entradasinstagram\/\" class=\"elementor-button-link elementor-button elementor-size-xs\" role=\"button\">\n\t\t\t\t\t\t<span class=\"elementor-button-content-wrapper\">\n\t\t\t\t\t\t<span class=\"elementor-button-text\">Todo lo publicado en Instagram\/Telegram lo ver\u00e1s aqu\u00ed<\/span>\n\t\t<\/span>\n\t\t\t\t\t<\/a>\n\t\t<\/div>\n\t\t\t\t<\/div>\n\t\t\t\t<\/div>\n\t\t\t\t\t\t<\/div>\n\t\t\t\t\t<\/div>\n\t\t<\/div>\n\t\t\t\t\t\t\t\t<\/div>\n\t\t\t\t\t<\/div>\n\t\t<\/section>\n\t\t\t\t<section class=\"elementor-section elementor-inner-section elementor-element elementor-element-8edc05f elementor-section-boxed elementor-section-height-default elementor-section-height-default\" data-id=\"8edc05f\" data-element_type=\"section\">\n\t\t\t\t\t\t<div class=\"elementor-container elementor-column-gap-default\">\n\t\t\t\t\t\t\t<div class=\"elementor-row\">\n\t\t\t\t\t<div class=\"elementor-column elementor-col-50 elementor-inner-column elementor-element elementor-element-dd9f9fe\" data-id=\"dd9f9fe\" data-element_type=\"column\">\n\t\t\t<div class=\"elementor-column-wrap elementor-element-populated\">\n\t\t\t\t\t\t\t<div class=\"elementor-widget-wrap\">\n\t\t\t\t\t\t<div class=\"elementor-element elementor-element-301de4e elementor-widget-divider--view-line elementor-widget elementor-widget-divider\" data-id=\"301de4e\" data-element_type=\"widget\" data-widget_type=\"divider.default\">\n\t\t\t\t<div class=\"elementor-widget-container\">\n\t\t\t\t\t<div class=\"elementor-divider\">\n\t\t\t<span class=\"elementor-divider-separator\">\n\t\t\t\t\t\t<\/span>\n\t\t<\/div>\n\t\t\t\t<\/div>\n\t\t\t\t<\/div>\n\t\t\t\t<div class=\"elementor-element elementor-element-85561ad elementor-widget elementor-widget-heading\" data-id=\"85561ad\" data-element_type=\"widget\" data-widget_type=\"heading.default\">\n\t\t\t\t<div class=\"elementor-widget-container\">\n\t\t\t<h5 class=\"elementor-heading-title elementor-size-default\">Peque\u00f1o documental sobre la huelga de la bah\u00eda del metal de C\u00e1diz de 2021, realizado por los compa\u00f1eros y compa\u00f1eras de Voz Obrera<\/h5>\t\t<\/div>\n\t\t\t\t<\/div>\n\t\t\t\t<div class=\"elementor-element elementor-element-6f1bcdb elementor-aspect-ratio-169 elementor-widget elementor-widget-video\" data-id=\"6f1bcdb\" data-element_type=\"widget\" data-settings=\"{&quot;youtube_url&quot;:&quot;https:\\\/\\\/www.youtube.com\\\/watch?v=j1hPzWxML3M&quot;,&quot;video_type&quot;:&quot;youtube&quot;,&quot;controls&quot;:&quot;yes&quot;,&quot;aspect_ratio&quot;:&quot;169&quot;}\" data-widget_type=\"video.default\">\n\t\t\t\t<div class=\"elementor-widget-container\">\n\t\t\t\t\t<div class=\"elementor-wrapper elementor-fit-aspect-ratio elementor-open-inline\">\n\t\t\t<div class=\"elementor-video\"><\/div>\t\t<\/div>\n\t\t\t\t<\/div>\n\t\t\t\t<\/div>\n\t\t\t\t\t\t<\/div>\n\t\t\t\t\t<\/div>\n\t\t<\/div>\n\t\t\t\t<div class=\"elementor-column elementor-col-50 elementor-inner-column elementor-element elementor-element-3a20f9a\" data-id=\"3a20f9a\" data-element_type=\"column\">\n\t\t\t<div class=\"elementor-column-wrap elementor-element-populated\">\n\t\t\t\t\t\t\t<div class=\"elementor-widget-wrap\">\n\t\t\t\t\t\t<div class=\"elementor-element elementor-element-0b665ee elementor-widget-divider--view-line elementor-widget elementor-widget-divider\" data-id=\"0b665ee\" data-element_type=\"widget\" data-widget_type=\"divider.default\">\n\t\t\t\t<div class=\"elementor-widget-container\">\n\t\t\t\t\t<div class=\"elementor-divider\">\n\t\t\t<span class=\"elementor-divider-separator\">\n\t\t\t\t\t\t<\/span>\n\t\t<\/div>\n\t\t\t\t<\/div>\n\t\t\t\t<\/div>\n\t\t\t\t<div class=\"elementor-element elementor-element-ea0f75b elementor-widget elementor-widget-heading\" data-id=\"ea0f75b\" data-element_type=\"widget\" data-widget_type=\"heading.default\">\n\t\t\t\t<div class=\"elementor-widget-container\">\n\t\t\t<h5 class=\"elementor-heading-title elementor-size-default\">Deterioro y privatizaci\u00f3n de los servicios p\u00fablicos: Expolio capitalista.\nCharla-debate organizada por Voz Obrera<\/h5>\t\t<\/div>\n\t\t\t\t<\/div>\n\t\t\t\t<div class=\"elementor-element elementor-element-56b8196 elementor-aspect-ratio-169 elementor-widget elementor-widget-video\" data-id=\"56b8196\" data-element_type=\"widget\" data-settings=\"{&quot;youtube_url&quot;:&quot;https:\\\/\\\/youtu.be\\\/GWZoO_Qyc60&quot;,&quot;video_type&quot;:&quot;youtube&quot;,&quot;controls&quot;:&quot;yes&quot;,&quot;aspect_ratio&quot;:&quot;169&quot;}\" data-widget_type=\"video.default\">\n\t\t\t\t<div class=\"elementor-widget-container\">\n\t\t\t\t\t<div class=\"elementor-wrapper elementor-fit-aspect-ratio elementor-open-inline\">\n\t\t\t<div class=\"elementor-video\"><\/div>\t\t<\/div>\n\t\t\t\t<\/div>\n\t\t\t\t<\/div>\n\t\t\t\t\t\t<\/div>\n\t\t\t\t\t<\/div>\n\t\t<\/div>\n\t\t\t\t\t\t\t\t<\/div>\n\t\t\t\t\t<\/div>\n\t\t<\/section>\n\t\t\t\t\t\t<\/div>\n\t\t\t\t\t<\/div>\n\t\t<\/div>\n\t\t\t\t\t\t\t\t<\/div>\n\t\t\t\t\t<\/div>\n\t\t<\/section>\n\t\t\t\t\t\t\t\t\t<\/div>\n\t\t\t<\/div>\n\t\t\t\t\t<\/div>\n\t\t","protected":false},"excerpt":{"rendered":"<p>Editoriales recientes Lucha de Clase N\u00ba13 El rearme: beneficios para las multinacionales Anteriores&#8230; Revista mensual N\u00ba 125 Eeuu e Israel atacan Ir\u00e1n \u00a1No a la agresi\u00f3n imperialista! Anteriores&#8230; Lo m\u00e1s reciente en Instagram\/Telegram La debilidad del Gobierno de coalici\u00f3n \u00abprogresista\u00bb es su gesti\u00f3n capitalista del Estado Todo lo publicado en Instagram\/Telegram lo ver\u00e1s aqu\u00ed Peque\u00f1o&hellip;&nbsp;<a href=\"https:\/\/vozobrera.org\/periodico\/explotacion-laboral-en-prosegur\/\" rel=\"bookmark\">Leer m\u00e1s &raquo;<span class=\"screen-reader-text\">EXPLOTACI\u00d3N LABORAL EN PROSEGUR<\/span><\/a><\/p>\n","protected":false},"author":5,"featured_media":0,"parent":0,"menu_order":0,"comment_status":"closed","ping_status":"closed","template":"elementor_header_footer","meta":{"neve_meta_sidebar":"full-width","neve_meta_container":"","neve_meta_enable_content_width":"on","neve_meta_content_width":100,"neve_meta_title_alignment":"","neve_meta_author_avatar":"","neve_post_elements_order":"","neve_meta_disable_header":"","neve_meta_disable_footer":"","neve_meta_disable_title":"on","footnotes":""},"class_list":["post-10811","page","type-page","status-publish","hentry"],"_links":{"self":[{"href":"https:\/\/vozobrera.org\/periodico\/wp-json\/wp\/v2\/pages\/10811","targetHints":{"allow":["GET"]}}],"collection":[{"href":"https:\/\/vozobrera.org\/periodico\/wp-json\/wp\/v2\/pages"}],"about":[{"href":"https:\/\/vozobrera.org\/periodico\/wp-json\/wp\/v2\/types\/page"}],"author":[{"embeddable":true,"href":"https:\/\/vozobrera.org\/periodico\/wp-json\/wp\/v2\/users\/5"}],"replies":[{"embeddable":true,"href":"https:\/\/vozobrera.org\/periodico\/wp-json\/wp\/v2\/comments?post=10811"}],"version-history":[{"count":1127,"href":"https:\/\/vozobrera.org\/periodico\/wp-json\/wp\/v2\/pages\/10811\/revisions"}],"predecessor-version":[{"id":17279,"href":"https:\/\/vozobrera.org\/periodico\/wp-json\/wp\/v2\/pages\/10811\/revisions\/17279"}],"wp:attachment":[{"href":"https:\/\/vozobrera.org\/periodico\/wp-json\/wp\/v2\/media?parent=10811"}],"curies":[{"name":"wp","href":"https:\/\/api.w.org\/{rel}","templated":true}]}}